= 2*h - 207. Suppose -y - 3 = 0, -4*q + q = -y - v. Calculate the remainder when q is divided by 3.
1
Suppose 3*l + 18 = -2*n + 5*n, -4 = -4*l. Calculate the remainder when ((-4)/(-6) - (-1)/3)/((-245)/(-27195)) is divided by n.
6
Suppose -2*y + 314 = 2*s - 182, -y = 3*s - 250. Calculate the remainder when y is divided by 102.
43
Suppose -5*w + c - 328 = 0, 0*c + 248 = -4*w - 4*c. Let z = -13 - w. Suppose -5*k - 2*g = -19, 3*g + 88 = 64. What is the remainder when z is divided by k?
3
Let o be (3 - (-44)/(-12))*2*51. Let p = 89 + o. Let t = 30 - p. Calculate the remainder when 34 is divided by t.
7
Suppose -13860 = -98*t + 32*t. What is the remainder when 265 is divided by t?
55
Suppose -34*m + 218 = -33*m. Let o = -141 + m. Let d = o + -48. What is the remainder when d is divided by 15?
14
Suppose -278 = -5*k + 422. Let q(j) = 71*j + 70*j + 17 + 12 - k*j. Calculate the remainder when 53 is divided by q(-11).
17
Suppose y = v + 2*v - 2, -2*y - 3*v + 14 = 0. Suppose y*t = -86 + 794. Calculate the remainder when t is divided by 36.
33
Let p = 4923 - 4898. Calculate the remainder when (-2)/(-3*(-6)/(-765)) is divided by p.
10
Suppose 1972 = 97*x - 39*x. What is the remainder when 7715 is divided by x?
31
Let u(v) = 2*v**2 + 16*v + 6. Let x be u(-8). Suppose -x*t + 7*t + 8 = 0. Calculate the remainder when t/(-20) - (4 - (-266)/(-10)) is divided by 3.
2
Suppose 5*t = 0, -t - 123 = -3*m - 3. What is the remainder when 151*(-4)/(-7 + 3) is divided by m?
31
Suppose -5*r + 1053 + 67 = 0. Suppose 28*m - 23*m = 190. What is the remainder when r is divided by m?
34
Let s = -815 + 824. What is the remainder when 45 is divided by 3/(s/12)*34/8?
11
Let w(d) = 7*d - 1. Suppose 0 = -2*m - 7 + 13. Suppose 2*j - 24 = -4*q, 14*j + m*q - 67 = 9*j. Calculate the remainder when w(6) is divided by j.
13
Let v = -310 - -195. Let g be (-21)/(-14) + 702/4. Let h = v + g. Calculate the remainder when h is divided by 16.
14
Let p(a) = -846*a - 3783. What is the remainder when p(-7) is divided by 65?
59
Let w = -38 - -39. Suppose 5*p = -4*j + 380 - 325, 8 = 4*p - 4*j. What is the remainder when p is divided by w?
0
Suppose 0 = 2*m + 3*s - 37, 0 = -2*m - 5*s + 19 + 16. Suppose -47*b - b = -1920. Calculate the remainder when b is divided by m.
0
Let f = 397 - -464. Let u = 906 - f. What is the remainder when 104 is divided by u?
14
Let o(m) = 5*m - 103. Suppose 2*c + 18 = 4*c. Suppose 3*i - c*i = -60. What is the remainder when i is divided by o(21)?
0
Suppose 0 = 4*c - 4*g + 150 - 262, -2*c - 2*g + 40 = 0. What is the remainder when 354 is divided by c?
18
Let s(p) = -13*p - 15. Let m be s(-4). Let b = m - -8. Calculate the remainder when b is divided by 12.
9
Suppose -2*h - 2 = -4. Let z(r) = 49*r**2 + 2*r - 1. What is the remainder when (-150 - -74)*-2 + 3*(0 + -1) is divided by z(h)?
49
Let a = 1444 - 1406. What is the remainder when a is divided by 28?
10
Let v(p) = p**3 + 8*p**2 + 14*p + 3. Let b be v(-4). Suppose b + 29 = 8*f. Calculate the remainder when f is divided by (-3 - 14/(-6))*-3.
1
Suppose 2*z - 6*z + l = -190, -2*z + 158 = 4*l. Let b = -3 - -25. Let c = b + -8. What is the remainder when z is divided by c?
9
Let g = 92 - 684. Let q = g - -645. What is the remainder when q is divided by 22?
9
Let t(c) = -2576*c - 10268. Calculate the remainder when 83 is divided by t(-4).
11
What is the remainder when (40/(-70))/(28/(-26166)) is divided by 108?
102
Suppose 2*g - 3*z - 1137 = -962, -4*z + 20 = 0. What is the remainder when 487 is divided by g?
12
Let f = -121 - -188. Suppose 10*d = f + 63. Calculate the remainder when d is divided by 3.
1
Let l = -1857 + 1885. What is the remainder when 21996/208 + (-7)/4 is divided by l?
20
Suppose n + 2*z = 3, z - 1 + 2 = -3*n. Calculate the remainder when 1*n + (-3 - -52) is divided by (((-28)/(-210))/(1/(-3)))/((-10)/425).
14
What is the remainder when 290 is divided by (-36366)/(-116)*(-2)/(-11)?
5
Suppose -20*f + 91 - 82 = -2171. Calculate the remainder when 676 is divided by f.
22
Suppose 0 = 1552*m - 1558*m + 2802. Calculate the remainder when m is divided by 67.
65
Suppose 27 + 41 = -4*f. Let r = f + 13. Calculate the remainder when 3 + (r - -1)*104/(-3) is divided by 27.
26
Let z = 69 - 55. Let v be z + -1 + (-1 + -1 - -2). Suppose -v - 22 = -5*k. Calculate the remainder when 17 is divided by k.
3
Let u(m) = -10*m + 4. Suppose -3*h = 15, -4*t + 0*h = -3*h - 11. What is the remainder when (10/3)/((-3)/(-18)) is divided by u(t)?
6
Suppose 0*d - 4*d - 8 = 3*p, -4*p + 2 = -d. Suppose 81 = -p*x - 3*x. Let y = 59 + x. What is the remainder when 62 is divided by y?
30
Let q = -142 - 41. Let t = 205 + q. What is the remainder when t is divided by 4?
2
Suppose 631 - 547 = 4*i. Suppose -132 = -26*u + i*u - c, 3 = -c. What is the remainder when 242 is divided by u?
26
Calculate the remainder when (22 + (-129)/6)*3026 is divided by 44.
17
Let a = -12 + 12. Suppose -v + 22 + 6 = a. Suppose -4*u - u = g - 73, 2*u = -g + v. What is the remainder when 43 is divided by u?
13
Let j(y) = -y + 32. Let o be 165/25 + ((-68)/(-20) - 3). What is the remainder when 120 is divided by j(o)?
20
Let y(k) = -35*k - 363. What is the remainder when 35 is divided by y(-11)?
13
Let g(z) = -10*z - 1. Let y = 204 - 206. Calculate the remainder when 149 is divided by g(y).
16
Let y = -540 - -466. What is the remainder when 179 is divided by (y/(-8))/(12/48)?
31
Let z = -41 + 109. Suppose 0 = -5*s + 4*s + 8. What is the remainder when z is divided by (-16)/(s/(-2)) + 14?
14
Let r(k) = -24*k**2 - 17*k - 6. Let d(f) = f**3 + f**2 + f - 2. Let h(i) = 2*d(i) - r(i). What is the remainder when h(-12) is divided by 5?
2
Let g be 2/(-10) + (-5)/((-175)/2282). Let l = g - -96. Let k = -138 + l. Calculate the remainder when k is divided by 8.
7
Let g = -553 - -793. Suppose 3*r - 180 = -3*q + 2*r, 0 = 4*q - 4*r - g. Suppose -4*u + 10*u = q. Calculate the remainder when u is divided by 6.
4
Suppose 15*h = k + 17*h - 111, 0 = h - 1. What is the remainder when 271 is divided by k?
53
Suppose -2*r = 2, -r - 104 = 3*d - 136. What is the remainder when 1021 is divided by d?
9
Suppose -12*u - 5*u + 867 = 0. Let i = 118 - 104. Calculate the remainder when u is divided by i.
9
Let n = 18631 - 18172. What is the remainder when n is divided by 187?
85
Suppose -26 = -6*v - 494. Let c = 124 - v. Calculate the remainder when c is divided by 34.
32
Suppose -4*g - 6*z = -5*z - 113, -34 = -2*g + 4*z. Let d = -11 - -19. What is the remainder when g is divided by d?
3
Let h = -2 + 7. Suppose 2*u - 210 = -k, -5*u - h*k + 107 + 428 = 0. Let r(s) = -2*s**3 - 10*s**2 - 14*s - 44. What is the remainder when u is divided by r(-5)?
25
Let d be ((-74)/111)/(4/3 - 1). What is the remainder when 66 is divided by 0 + 21/((-1)/(-1)) - d?
20
Let z(o) = -5*o**3 + 4*o - 12. Let x be z(3). Let c = x + 155. What is the remainder when 40 is divided by c?
0
Let n(l) = l**3 + 4*l**2 - 24*l - 46. Calculate the remainder when 126 is divided by n(5).
8
Let v(o) = o**3 + 7*o**2 + 4*o - 3. Suppose 4*y - 88*m + 95*m - 59 = 0, y = -m + 11. Calculate the remainder when v(-6) is divided by y.
3
Let k = 48 + -32. Calculate the remainder when (-4)/28*-10*(17 - -25) is divided by k.
12
Let d be 12/(-5)*((-20)/8 - 0). Suppose -d*u + 117 = -2*u - j, j - 33 = -u. Suppose -14*w + 11*w = -u. Calculate the remainder when 56 is divided by w.
6
Suppose 2*t + 98 + 330 = 5*b, 188 = 2*b - 5*t. Let z be (5 - 0)/(10/120*-3). Let i = -3 - z. Calculate the remainder when b is divided by i.
16
Suppose 7*n - 2*n - 4*s = 1987, 3*n - 1188 = 3*s. Calculate the remainder when n is divided by (0 - 1) + 5 + 3.
4
Let w = 261 + -246. Suppose -3*l = m - 54, -4*l + l + w = 0. What is the remainder when m is divided by 10?
9
Suppose -5*f + 1505 = -3*z - 351, -5*z = 10. Let a = f + -262. Calculate the remainder when a is divided by 10.
8
Let k(j) = 24*j + 276. Let g = 155 + -73. Suppose y - g = -y. What is the remainder when y is divided by k(-11)?
5
Let j(b) = 3*b**2 + 4*b - 7. Let i(t) = -2*t + 6. Let o be i(-4). Let g be 2/7 - 60/o. What is the remainder when j(g) is divided by 9?
7
Suppose -l - 10*x + 277 = -6*x, 4*x = 8. Suppose 11*z = 1248 - l. What is the remainder when z is divided by 24?
17
Let c = -5715 + 6225. Calculate the 